{"id":2,"date":"2024-06-25T11:07:45","date_gmt":"2024-06-25T09:07:45","guid":{"rendered":"http:\/\/compagniehiatus.com\/?page_id=2"},"modified":"2024-06-26T11:52:23","modified_gmt":"2024-06-26T09:52:23","slug":"page-d-exemple","status":"publish","type":"page","link":"https:\/\/compagniehiatus.com\/","title":{"rendered":"La Compagnie"},"content":{"rendered":"\n<p>Hiatus est une compagnie pluridisciplinaire (danse, musique, th\u00e9\u00e2tre) cr\u00e9\u00e9e \u00e0 Brest en 2008. Toutes les pratiques ont la m\u00eame importance, danseurs, musiciens, com\u00e9diens, plasticiens sont tous des \u00abacteurs\u00bb, au sens de l\u2019action. Mue par une d\u00e9marche contemporaine empreinte d&rsquo;exigence, la compagnie cherche \u00e0 rendre un travail accessible au plus grand nombre.<\/p>\n\n\n\n<p>Dans le contexte \u00e9conomique et politique actuel, nous pensons que l\u2019art doit plus que jamais \u00eatre vecteur d\u2019une parole, porteur de sens en coh\u00e9rence avec le monde dans lequel nous vivons. Il s\u2019agit de questionner cet environnement, pour ouvrir de nouvelles possibilit\u00e9s. Au del\u00e0 des questionnements intimes, existentiels et intangibles inh\u00e9rents \u00e0 nos conditions d\u2019humains, il s\u2019agit aussi d\u2019aller chercher le social, le politique, l\u2019\u00e9conomique, le m\u00e9diatique, champs qui ne peuvent \u00eatre per\u00e7u comme s\u00e9par\u00e9s de l\u2019intime. L\u2019individuel intime influe sur le collectif social et r\u00e9ciproquement. L\u2019art ne doit pas \u00eatre appr\u00e9hend\u00e9 uniquement comme un \u00e9chappatoire de la \u00abvraie vie\u00bb, mais au contraire comme un moyen d\u2019y plonger entre plus profond\u00e9ment pour mieux remettre en cause les syst\u00e8mes desquels nous d\u00e9pendons. Il nous faut saisir cette mati\u00e8re, et venir l\u2019interroger avec nos corps, nos voix, nos mots, nos sons, nos images d\u2019humains. Cette mise \u00e0 distance que l\u2019artiste doit partager avec le public ici pris comme une addition d\u2019individus, est un moyen de se r\u00e9approprier ces domaines, de conscientiser les syst\u00e8mes desquels nous sommes des rouages involontaires, et suivant les positionnements de chacun, de lutter contre ou non.<\/p>\n\n\n\n<p>A l\u2019inverse du dirigeant politique ou du journaliste, nous ne cherchons pas \u00e0 nous adresser \u00e0 la masse sociale en tant que groupe homog\u00e8ne. Il ne s\u2019agit pas du public en soi, mais des publics, et plus encore, de toutes les individualit\u00e9s qui le constituent. Ainsi, non seulement il nous faut nous adresser \u00e0 quelqu\u2019un, mais en plus, il conviendra dans la mesure du possible de savoir \u00e0 qui.<br><br>Dix pi\u00e8ces ont jusqu\u02bcici \u00e9t\u00e9 cr\u00e9\u00e9es : \u00ab Lieu d&rsquo;un Lien \u00bb en mai 2008, \u00ab Depuis les barricades \u00bb en novembre-d\u00e9cembre 2008, \u00ab D\u00e9lit de Novices \u00bb en mai 2009, \u00abD\u00e9lit de Novice 2\u00bb en janvier 2010, \u00abR\u00e9cidives\u00bb en mai 2010, \u00abEkko\u00bb en mars 2011, et \u00abTrafic d\u2019insolences\u00bb en mars 2012. D\u00e9mocratie, etc. et Spread ont \u00e9t\u00e9 finalis\u00e9es en mars 2013, et Stock Options en janvier 2014. La compagnie travaille en ce moment sur le r\u00e9pertoire du sextet \u00ab Momentous Saat \u00bb (2018), et sur la pi\u00e8ce \u00ab Vous n\u2019\u00eates pas l\u00e0 par hasard \u00bb (2019).<\/p>\n","protected":false},"excerpt":{"rendered":"<p>Hiatus est une compagnie pluridisciplinaire (danse, musique, th\u00e9\u00e2tre) cr\u00e9\u00e9e \u00e0 Brest en 2008. Toutes les pratiques ont la m\u00eame importance, danseurs, musiciens, com\u00e9diens, plasticiens sont tous des \u00abacteurs\u00bb, au sens de l\u2019action. Mue par une d\u00e9marche contemporaine empreinte d&rsquo;exigence, la compagnie cherche \u00e0 rendre un travail accessible au plus grand nombre. Dans le contexte \u00e9conomique&#8230;<\/p>\n","protected":false},"author":1,"featured_media":0,"parent":0,"menu_order":0,"comment_status":"closed","ping_status":"open","template":"page-templates\/full-width.php","meta":{"cybocfi_hide_featured_image":"","footnotes":""},"categories":[],"tags":[],"class_list":["post-2","page","type-page","status-publish","hentry"],"_links":{"self":[{"href":"https:\/\/compagniehiatus.com\/index.php?rest_route=\/wp\/v2\/pages\/2","targetHints":{"allow":["GET"]}}],"collection":[{"href":"https:\/\/compagniehiatus.com\/index.php?rest_route=\/wp\/v2\/pages"}],"about":[{"href":"https:\/\/compagniehiatus.com\/index.php?rest_route=\/wp\/v2\/types\/page"}],"author":[{"embeddable":true,"href":"https:\/\/compagniehiatus.com\/index.php?rest_route=\/wp\/v2\/users\/1"}],"replies":[{"embeddable":true,"href":"https:\/\/compagniehiatus.com\/index.php?rest_route=%2Fwp%2Fv2%2Fcomments&post=2"}],"version-history":[{"count":2,"href":"https:\/\/compagniehiatus.com\/index.php?rest_route=\/wp\/v2\/pages\/2\/revisions"}],"predecessor-version":[{"id":30,"href":"https:\/\/compagniehiatus.com\/index.php?rest_route=\/wp\/v2\/pages\/2\/revisions\/30"}],"wp:attachment":[{"href":"https:\/\/compagniehiatus.com\/index.php?rest_route=%2Fwp%2Fv2%2Fmedia&parent=2"}],"wp:term":[{"taxonomy":"category","embeddable":true,"href":"https:\/\/compagniehiatus.com\/index.php?rest_route=%2Fwp%2Fv2%2Fcategories&post=2"},{"taxonomy":"post_tag","embeddable":true,"href":"https:\/\/compagniehiatus.com\/index.php?rest_route=%2Fwp%2Fv2%2Ftags&post=2"}],"curies":[{"name":"wp","href":"https:\/\/api.w.org\/{rel}","templated":true}]}}